{"id":2306,"date":"2018-07-12T21:28:39","date_gmt":"2018-07-12T19:28:39","guid":{"rendered":"http:\/\/d-photography.org\/web\/?page_id=2306"},"modified":"2025-01-02T12:58:39","modified_gmt":"2025-01-02T11:58:39","slug":"references","status":"publish","type":"page","link":"https:\/\/d-photography.org\/web\/references\/","title":{"rendered":"References"},"content":{"rendered":"\n<style type=\"text\/css\" data-created_by=\"avia_inline_auto\" id=\"style-css-av-jkeba5nk-f0de4e66a09320556e88b3cdd6b31d8d\">\n.avia-section.av-jkeba5nk-f0de4e66a09320556e88b3cdd6b31d8d{\nbackground-color:#000000;\n}\n<\/style>\n<div id='av_section_1'  class='avia-section av-jkeba5nk-f0de4e66a09320556e88b3cdd6b31d8d main_color avia-section-default avia-no-border-styling  avia-builder-el-0  avia-builder-el-no-sibling  avia-bg-style-scroll container_wrap fullsize'  ><div class='container av-section-cont-open' ><main  role=\"main\" itemprop=\"mainContentOfPage\"  class='template-page content  av-content-full alpha units'><div class='post-entry post-entry-type-page post-entry-2306'><div class='entry-content-wrapper clearfix'>\n\n<style type=\"text\/css\" data-created_by=\"avia_inline_auto\" id=\"style-css-av-7alxu-e6cc878f123286b30a6e2c574617323e\">\n#top .av-special-heading.av-7alxu-e6cc878f123286b30a6e2c574617323e{\npadding-bottom:10px;\n}\nbody .av-special-heading.av-7alxu-e6cc878f123286b30a6e2c574617323e .av-special-heading-tag .heading-char{\nfont-size:25px;\n}\n.av-special-heading.av-7alxu-e6cc878f123286b30a6e2c574617323e .av-subheading{\nfont-size:15px;\n}\n<\/style>\n<div  class='av-special-heading av-7alxu-e6cc878f123286b30a6e2c574617323e av-special-heading-h2  avia-builder-el-1  el_before_av_textblock  avia-builder-el-first '><h2 class='av-special-heading-tag'  itemprop=\"headline\"  >REFERENCES<\/h2><div class=\"special-heading-border\"><div class=\"special-heading-inner-border\"><\/div><\/div><\/div>\n<section  class='av_textblock_section av-63wa49-cf0bb816590fe1631e5006211cf23812'  itemscope=\"itemscope\" itemtype=\"https:\/\/schema.org\/CreativeWork\" ><div class='avia_textblock'  itemprop=\"text\" ><h3><span style=\"color: #fc9222;\">Clients<\/span><\/h3>\n<p>S\u00fcdzucker AG | Fresenius | Edeka | Kalt AG | Bridgestone | SCHUFA Holding AG | Mastercard | Alete | Bayer AG | HochTief AG | Deekeling Arndt Advisors | Rotk\u00e4ppchen-Mumm | Hessenagentur | descom | Akelius GmbH | McDonald\u2019s Deutschland | DIOR | General Electric | BayWa AG | KKLD | MINI | Burson-Marsteller | BASF | Mitsubishi Motors | Volkswagen | Pfizer Deutschland GmbH | Coesia S.p.A. | Oberbank AG | Unternehmensgruppe Nassauische Heimst\u00e4tte | Skoda | DekaBank | Honeywell | Hapa AG | volunta gGmbH | Mainova AG | McLaren Frankfurt | Auctionata AG | PUMA | Schneider Electric SA | FriedWald GmbH | Krebs + Kiefer | Lagard\u00e8re | HCSM | Dunlop | BAUER Elektroanlagen | Deutsche Kinder- und Jugendstiftung | LEAR Corporation | Moguntia-Werke Gew\u00fcrzindustrie GmbH | Christmann &amp; Pfeifer Construction GmbH &amp; Co. KG | BMW AG | IKW | Philharmonisches Staatsorchester Mainz | kraftundadel | TransPak AG | METH MEDIA Werbe- und Verlagsgesellschaft | Lamborghini | Flexlink Systems GmbH | Hanhart Chronographen | lmc.communication GmbH | ALK-Abell\u00f3 Arzneimittel GmbH | Porr AG | Quvado | LEWIS Communication | Beyer Unternehmensberatung | PaperlinX \u2013 Deutsche Papier Vertriebs GmbH | Imperium Weis GmbH | allbuyone GmbH | Ministerium f\u00fcr Soziales, Arbeit, Gesundheit und Demografie Rheinland-Pfalz | AbbVie Deutschland GmbH &amp; Co KG | Volksbank Darmstadt-S\u00fcdhessen eG | Roigk GmbH &amp; Co | Aigner Immobilien GmbH | convergo GmbH | vitos gGmbH | IHK | BioFrankfurt | img | Linvatec Deutschland GmbH | X-raid GmbH | WJ Hessen | LZG Rheinland-Pfalz | D\u00f6rr Group | Hertie-Stiftung | Ruppert GmbH | Br\u00fccher &amp; Br\u00fccher Architekten | LoeschHundLiepold Kommunikation GmbH | 4Sale communications | DRK Landesverband Hessen | Ministerium f\u00fcr Wirtschaft Rheinland-Pfalz | Liga der Freien Wohlfahrtspflege in Hessen e.V. | Barock Orchester Frankfurt am Main | GBP Bauberatung &amp; Projektmanagement GmbH &amp; Co. KG | Springer Fachmedien GmbH | Solidmedia | Ausbildungsverbund Metall (AVM) | und viele mehr | \u2026<\/p>\n<h3><span style=\"color: #fc9222;\">Publications<\/span><\/h3>\n<p>Die Welt | SPIEGEL Online | Focus.de | Stern.de | GEO | Darmst\u00e4dter Echo | Frankfurter Rundschau | Frankfurter Neue Presse | Rallye Magazin | Auto Motor Sport | HR-Fernsehen | Lighting Press International | BILD | bild.de | Feuerwehr-Magazin | Sicherheitsbeauftragter | Rotary Club Deutschland | Florian Hessen | Interstellarum | HR-Online | S\u00fcWo | \u2026<\/p>\n<h3><span style=\"color: #fc9222;\">Exhibitions<\/span><\/h3>\n<p>2004 | Ausstellung Rathaus Trebur<br \/>\n2005 | Ausstellung Praxis Sch\u00e4fer<br \/>\n2008 | Ausstellung im Wasserturm Gro\u00df-Gerau<br \/>\n2009 | Ausstellung \u201eMoments\u201c im Rathaus Trebur<br \/>\n2010 | Ausstellung \u201eZuckerfabrik Gro\u00df-Gerau \u2013 Ein Wahrzeichen verschwindet\u201c<br \/>\n2011 | Ausstellung ArtTwister Cinestar\/Metropolis Frankfurt am Main<br \/>\n2012 | Ausstellung \u201eMir Trewwerer\u201c \u2013 Rathaus Trebur<br \/>\n2013 | Ausstellung \u201eKenia \u2013 Hinter den Kulissen eines Urlaubslandes\u201c \u2013 Rathaus Trebur<br \/>\n2015 | Ausstellung \u201eLiving copies?\u201c \u2013 in Gross-Gerau<br \/>\n2016 | Ausstellung \u201e9332km \u2013 Hinter den Kulissen der Rallye Dakar in S\u00fcdamerika\u201c \u2013 KSK Gro\u00df-Gerau<\/p>\n<\/div><\/section>\n\n<div class=\"shariff shariff-align-center shariff-widget-align-flex-start shariff-buttonstretch\"><ul class=\"shariff-buttons theme-color orientation-horizontal buttonsize-medium\"><li class=\"shariff-button facebook shariff-nocustomcolor\" style=\"background-color:#4273c8\"><a href=\"https:\/\/www.facebook.com\/sharer\/sharer.php?u=https%3A%2F%2Fd-photography.org%2Fweb%2Freferences%2F\" title=\"Bei Facebook teilen\" aria-label=\"Bei Facebook teilen\" role=\"button\" rel=\"noreferrernoopener nofollow\" class=\"shariff-link\" style=\"; background-color:#3b5998; color:#fff\" target=\"_blank\"><span class=\"shariff-icon\" style=\"\"><svg width=\"32px\" height=\"20px\" xmlns=\"http:\/\/www.w3.org\/2000\/svg\" viewBox=\"0 0 18 32\"><path fill=\"#3b5998\" d=\"M17.1 0.2v4.7h-2.8q-1.5 0-2.1 0.6t-0.5 1.9v3.4h5.2l-0.7 5.3h-4.5v13.6h-5.5v-13.6h-4.5v-5.3h4.5v-3.9q0-3.3 1.9-5.2t5-1.8q2.6 0 4.1 0.2z\"\/><\/svg><\/span><span class=\"shariff-text\">teilen<\/span>&nbsp;<\/a><\/li><li class=\"shariff-button twitter shariff-nocustomcolor\" style=\"background-color:#1e3050\"><a href=\"https:\/\/twitter.com\/share?url=https%3A%2F%2Fd-photography.org%2Fweb%2Freferences%2F&text=References\" title=\"Bei X (Twitter) teilen\" aria-label=\"Bei X (Twitter) teilen\" role=\"button\" rel=\"noreferrernoopener nofollow\" class=\"shariff-link\" style=\"; background-color:#000000; color:#fff\" target=\"_blank\"><span class=\"shariff-icon\" style=\"\"><svg xmlns=\"http:\/\/www.w3.org\/2000\/svg\" height=\"1em\" viewBox=\"0 0 512 512\"><!--! Font Awesome Free 6.4.2 by @fontawesome - https:\/\/fontawesome.com License - https:\/\/fontawesome.com\/license (Commercial License) Copyright 2023 Fonticons, Inc. --><style>svg{fill:#ffffff}<\/style><path d=\"M389.2 48h70.6L305.6 224.2 487 464H345L233.7 318.6 106.5 464H35.8L200.7 275.5 26.8 48H172.4L272.9 180.9 389.2 48zM364.4 421.8h39.1L151.1 88h-42L364.4 421.8z\"\/><\/svg><\/span><span class=\"shariff-text\">twittern<\/span>&nbsp;<\/a><\/li><li class=\"shariff-button pinterest shariff-nocustomcolor\" style=\"background-color:#e70f18\"><a href=\"https:\/\/www.pinterest.com\/pin\/create\/link\/?url=https%3A%2F%2Fd-photography.org%2Fweb%2Freferences%2F&media=https%3A%2F%2Fd-photography.org%2Fweb%2Fwp-content%2Fplugins%2Fe-recht24-share%2Fimages%2FdefaultHint.png&description=References\" title=\"Bei Pinterest pinnen\" aria-label=\"Bei Pinterest pinnen\" role=\"button\" rel=\"noreferrernoopener nofollow\" class=\"shariff-link\" style=\"; background-color:#cb2027; color:#fff\" target=\"_blank\"><span class=\"shariff-icon\" style=\"\"><svg width=\"32px\" height=\"20px\" xmlns=\"http:\/\/www.w3.org\/2000\/svg\" viewBox=\"0 0 27 32\"><path fill=\"#cb2027\" d=\"M27.4 16q0 3.7-1.8 6.9t-5 5-6.9 1.9q-2 0-3.9-0.6 1.1-1.7 1.4-2.9 0.2-0.6 1-3.8 0.4 0.7 1.3 1.2t2 0.5q2.1 0 3.8-1.2t2.7-3.4 0.9-4.8q0-2-1.1-3.8t-3.1-2.9-4.5-1.2q-1.9 0-3.5 0.5t-2.8 1.4-2 2-1.2 2.3-0.4 2.4q0 1.9 0.7 3.3t2.1 2q0.5 0.2 0.7-0.4 0-0.1 0.1-0.5t0.2-0.5q0.1-0.4-0.2-0.8-0.9-1.1-0.9-2.7 0-2.7 1.9-4.6t4.9-2q2.7 0 4.2 1.5t1.5 3.8q0 3-1.2 5.2t-3.1 2.1q-1.1 0-1.7-0.8t-0.4-1.9q0.1-0.6 0.5-1.7t0.5-1.8 0.2-1.4q0-0.9-0.5-1.5t-1.4-0.6q-1.1 0-1.9 1t-0.8 2.6q0 1.3 0.4 2.2l-1.8 7.5q-0.3 1.2-0.2 3.2-3.7-1.6-6-5t-2.3-7.6q0-3.7 1.9-6.9t5-5 6.9-1.9 6.9 1.9 5 5 1.8 6.9z\"\/><\/svg><\/span><span class=\"shariff-text\">merken<\/span>&nbsp;<\/a><\/li><li class=\"shariff-button rss shariff-nocustomcolor\" style=\"background-color:#ff8c00\"><a href=\"https:\/\/d-photography.org\/web\/feed\/rss\/\" title=\"RSS-feed\" aria-label=\"RSS-feed\" role=\"button\" class=\"shariff-link\" style=\"; background-color:#fe9312; color:#fff\" target=\"_blank\"><span class=\"shariff-icon\" style=\"\"><svg width=\"32px\" height=\"20px\" xmlns=\"http:\/\/www.w3.org\/2000\/svg\" viewBox=\"0 0 32 32\"><path fill=\"#fe9312\" d=\"M4.3 23.5c-2.3 0-4.3 1.9-4.3 4.3 0 2.3 1.9 4.2 4.3 4.2 2.4 0 4.3-1.9 4.3-4.2 0-2.3-1.9-4.3-4.3-4.3zM0 10.9v6.1c4 0 7.7 1.6 10.6 4.4 2.8 2.8 4.4 6.6 4.4 10.6h6.2c0-11.7-9.5-21.1-21.1-21.1zM0 0v6.1c14.2 0 25.8 11.6 25.8 25.9h6.2c0-17.6-14.4-32-32-32z\"\/><\/svg><\/span><span class=\"shariff-text\">RSS-feed<\/span>&nbsp;<\/a><\/li><\/ul><\/div>","protected":false},"excerpt":{"rendered":"","protected":false},"author":1,"featured_media":0,"parent":0,"menu_order":5,"comment_status":"closed","ping_status":"closed","template":"","meta":{"footnotes":""},"class_list":["post-2306","page","type-page","status-publish","hentry"],"_links":{"self":[{"href":"https:\/\/d-photography.org\/web\/wp-json\/wp\/v2\/pages\/2306"}],"collection":[{"href":"https:\/\/d-photography.org\/web\/wp-json\/wp\/v2\/pages"}],"about":[{"href":"https:\/\/d-photography.org\/web\/wp-json\/wp\/v2\/types\/page"}],"author":[{"embeddable":true,"href":"https:\/\/d-photography.org\/web\/wp-json\/wp\/v2\/users\/1"}],"replies":[{"embeddable":true,"href":"https:\/\/d-photography.org\/web\/wp-json\/wp\/v2\/comments?post=2306"}],"version-history":[{"count":22,"href":"https:\/\/d-photography.org\/web\/wp-json\/wp\/v2\/pages\/2306\/revisions"}],"predecessor-version":[{"id":7601,"href":"https:\/\/d-photography.org\/web\/wp-json\/wp\/v2\/pages\/2306\/revisions\/7601"}],"wp:attachment":[{"href":"https:\/\/d-photography.org\/web\/wp-json\/wp\/v2\/media?parent=2306"}],"curies":[{"name":"wp","href":"https:\/\/api.w.org\/{rel}","templated":true}]}}